{"id":88,"date":"2011-06-13T16:49:09","date_gmt":"2011-06-13T15:49:09","guid":{"rendered":"http:\/\/silayaya.com\/blog\/?page_id=88"},"modified":"2015-08-27T21:16:45","modified_gmt":"2015-08-27T19:16:45","slug":"quienes-somos","status":"publish","type":"page","link":"https:\/\/silayaya.com\/blog\/quienes-somos\/","title":{"rendered":"Qui\u00e9nes somos"},"content":{"rendered":"<p>\u00a1Gracias por visitar el blog de Silayaya!<br \/>\nSomos un grupo de cuatro chicas espa\u00f1olas a las que les encanta hacer complementos con ganchillo. Intentamos expresar toda nuestra creatividad en nuestros bolsos, monederos, bufandas,&#8230; y cuidar cada detalle para conseguir que sean realmente \u00fanicos.<\/p>\n<p>Aprendimos a tejer con ganchillo con nuestra yaya (somos hermanas y primas), e intentamos hacer todo tan delicadamente como ella lo har\u00eda&#8230; pero \u00a1un poco m\u00e1s moderno!<\/p>\n<p>Ya cuando \u00e9ramos ni\u00f1as nos gustaba hacer vestidos para las mu\u00f1ecas, cintas del pelo, lo que fuera&#8230; Pero siempre a nuestro estilo.<br \/>\nAhora es el momento de ense\u00f1ar todo nuestro mundo creativo. Gracias a este blog podr\u00e1s ver lo que estamos haciendo: puede ser un bolso, unos pendientes o quiz\u00e1 customizar una prenda. Y viendo nuestros productos llegar\u00e1s a conocernos mejor.<\/p>\n<p>Esperamos que te guste nuestra selecci\u00f3n y estaremos encantadas de atender cualquier pregunta o comentario\u00a0que nos quieras hacer. \u00a1Que te diviertas en el blog!<\/p>\n<p><img loading=\"lazy\" class=\"alignnone size-full wp-image-2978\" title=\"las manos de Silayaya \/ Silayaya's hands\" src=\"http:\/\/silayaya.com\/blog\/wp-content\/uploads\/retrato_manos.jpg\" alt=\"las manos de Silayaya \/ Silayaya's hands\" width=\"600\" height=\"600\" srcset=\"https:\/\/silayaya.com\/blog\/wp-content\/uploads\/retrato_manos.jpg 600w, https:\/\/silayaya.com\/blog\/wp-content\/uploads\/retrato_manos-150x150.jpg 150w, https:\/\/silayaya.com\/blog\/wp-content\/uploads\/retrato_manos-300x300.jpg 300w, https:\/\/silayaya.com\/blog\/wp-content\/uploads\/retrato_manos-200x200.jpg 200w, https:\/\/silayaya.com\/blog\/wp-content\/uploads\/retrato_manos-348x348.jpg 348w\" sizes=\"(max-width: 600px) 100vw, 600px\" \/><\/p>\n<p><em>\u00c9stas son las manos creativas y creadoras de Silayaya.<\/em><\/p>\n<h2>Lo que hacemos<\/h2>\n<p>Basamos nuestra forma de trabajar en la creatividad y la diversi\u00f3n.<br \/>\nNos divierte inventar bolsos o mu\u00f1ecos, bufandas o llaveros, broches o pendientes.<\/p>\n<p>Nuestros productos est\u00e1n HECHOS A MANO y, exceptuando algunos llaveros, son PIEZAS \u00daNICAS. Nos encanta imaginar un bolso y crearlo pero no tiene sentido hacer dos iguales. Los art\u00edculos que hacemos son totalmente EXCLUSIVOS.<\/p>\n<p>Mayoritariamente tejemos con ganchillo pero tambi\u00e9n nos gusta introducir bordados, patchwork, o cualquier t\u00e9cnica que nos ayude con la idea que queremos plasmar.<\/p>\n<p><img loading=\"lazy\" class=\"alignnone size-full wp-image-1046\" title=\"smiles\" src=\"http:\/\/silayaya.com\/blog\/wp-content\/uploads\/smiles.jpg\" alt=\"\" width=\"600\" height=\"300\" srcset=\"https:\/\/silayaya.com\/blog\/wp-content\/uploads\/smiles.jpg 600w, https:\/\/silayaya.com\/blog\/wp-content\/uploads\/smiles-300x150.jpg 300w, https:\/\/silayaya.com\/blog\/wp-content\/uploads\/smiles-460x230.jpg 460w\" sizes=\"(max-width: 600px) 100vw, 600px\" \/><\/p>","protected":false},"excerpt":{"rendered":"<p>\u00a1Gracias por visitar el blog de Silayaya! Somos un grupo de cuatro chicas espa\u00f1olas a las que les encanta hacer complementos con ganchillo. Intentamos expresar toda nuestra creatividad en nuestros bolsos, monederos, bufandas,&#8230; y cuidar cada detalle para conseguir que sean realmente \u00fanicos. Aprendimos a tejer con ganchillo con nuestra yaya (somos hermanas y primas), [&hellip;]<\/p>\n","protected":false},"author":1,"featured_media":0,"parent":0,"menu_order":1,"comment_status":"closed","ping_status":"closed","template":"","meta":[],"_links":{"self":[{"href":"https:\/\/silayaya.com\/blog\/wp-json\/wp\/v2\/pages\/88"}],"collection":[{"href":"https:\/\/silayaya.com\/blog\/wp-json\/wp\/v2\/pages"}],"about":[{"href":"https:\/\/silayaya.com\/blog\/wp-json\/wp\/v2\/types\/page"}],"author":[{"embeddable":true,"href":"https:\/\/silayaya.com\/blog\/wp-json\/wp\/v2\/users\/1"}],"replies":[{"embeddable":true,"href":"https:\/\/silayaya.com\/blog\/wp-json\/wp\/v2\/comments?post=88"}],"version-history":[{"count":29,"href":"https:\/\/silayaya.com\/blog\/wp-json\/wp\/v2\/pages\/88\/revisions"}],"predecessor-version":[{"id":30106,"href":"https:\/\/silayaya.com\/blog\/wp-json\/wp\/v2\/pages\/88\/revisions\/30106"}],"wp:attachment":[{"href":"https:\/\/silayaya.com\/blog\/wp-json\/wp\/v2\/media?parent=88"}],"curies":[{"name":"wp","href":"https:\/\/api.w.org\/{rel}","templated":true}]}}