{"id":359,"date":"2011-06-20T15:32:48","date_gmt":"2011-06-20T14:32:48","guid":{"rendered":"http:\/\/silayaya.com\/blog\/?page_id=359"},"modified":"2011-08-02T11:42:33","modified_gmt":"2011-08-02T09:42:33","slug":"que-hacemos","status":"publish","type":"page","link":"https:\/\/silayaya.com\/blog\/que-hacemos\/","title":{"rendered":"Qu\u00e9 hacemos"},"content":{"rendered":"<p>&nbsp;<\/p>\n<p>Basamos nuestra forma de trabajar en la creatividad y la diversi\u00f3n.<br \/>\nNos divierte inventar bolsos o mu\u00f1ecos, bufandas o llaveros, broches o pendientes.<\/p>\n<p>&nbsp;<\/p>\n<p>Nuestros productos est\u00e1n HECHOS A MANO y, exceptuando algunos llaveros, son PIEZAS \u00daNICAS. Nos encanta imaginar un bolso y crearlo pero no tiene sentido hacer dos iguales. Los art\u00edculos que hacemos son totalmente EXCLUSIVOS.<\/p>\n<p>&nbsp;<\/p>\n<p>Mayoritariamente tejemos con ganchillo pero tambi\u00e9n nos gusta introducir bordados, patchwork, o cualquier t\u00e9cnica que nos ayude con la idea que queremos plasmar.<\/p>\n<p>&nbsp;<\/p>\n<p><img loading=\"lazy\" class=\"alignnone size-full wp-image-1046\" title=\"smiles\" src=\"http:\/\/silayaya.com\/blog\/wp-content\/uploads\/smiles.jpg\" alt=\"\" width=\"600\" height=\"300\" srcset=\"https:\/\/silayaya.com\/blog\/wp-content\/uploads\/smiles.jpg 600w, https:\/\/silayaya.com\/blog\/wp-content\/uploads\/smiles-300x150.jpg 300w, https:\/\/silayaya.com\/blog\/wp-content\/uploads\/smiles-460x230.jpg 460w\" sizes=\"(max-width: 600px) 100vw, 600px\" \/><\/p>","protected":false},"excerpt":{"rendered":"<p>&nbsp; Basamos nuestra forma de trabajar en la creatividad y la diversi\u00f3n. Nos divierte inventar bolsos o mu\u00f1ecos, bufandas o llaveros, broches o pendientes. &nbsp; Nuestros productos est\u00e1n HECHOS A MANO y, exceptuando algunos llaveros, son PIEZAS \u00daNICAS. Nos encanta imaginar un bolso y crearlo pero no tiene sentido hacer dos iguales. Los art\u00edculos que [&hellip;]<\/p>\n","protected":false},"author":1,"featured_media":0,"parent":0,"menu_order":3,"comment_status":"closed","ping_status":"closed","template":"","meta":[],"_links":{"self":[{"href":"https:\/\/silayaya.com\/blog\/wp-json\/wp\/v2\/pages\/359"}],"collection":[{"href":"https:\/\/silayaya.com\/blog\/wp-json\/wp\/v2\/pages"}],"about":[{"href":"https:\/\/silayaya.com\/blog\/wp-json\/wp\/v2\/types\/page"}],"author":[{"embeddable":true,"href":"https:\/\/silayaya.com\/blog\/wp-json\/wp\/v2\/users\/1"}],"replies":[{"embeddable":true,"href":"https:\/\/silayaya.com\/blog\/wp-json\/wp\/v2\/comments?post=359"}],"version-history":[{"count":17,"href":"https:\/\/silayaya.com\/blog\/wp-json\/wp\/v2\/pages\/359\/revisions"}],"predecessor-version":[{"id":746,"href":"https:\/\/silayaya.com\/blog\/wp-json\/wp\/v2\/pages\/359\/revisions\/746"}],"wp:attachment":[{"href":"https:\/\/silayaya.com\/blog\/wp-json\/wp\/v2\/media?parent=359"}],"curies":[{"name":"wp","href":"https:\/\/api.w.org\/{rel}","templated":true}]}}