{"id":349,"date":"2011-06-20T15:18:08","date_gmt":"2011-06-20T14:18:08","guid":{"rendered":"http:\/\/silayaya.com\/blog\/?page_id=349"},"modified":"2016-03-22T01:33:48","modified_gmt":"2016-03-21T23:33:48","slug":"como-comprar","status":"publish","type":"page","link":"https:\/\/silayaya.com\/blog\/como-comprar\/","title":{"rendered":"C\u00f3mo comprar"},"content":{"rendered":"<p>Si quieres adquirir alguno de nuestros productos, tienes dos opciones:<\/p>\n<p>1. Puedes visitar nuestra tienda en Etsy y pagar a trav\u00e9s de Paypal. <a href=\"http:\/\/etsy.com\" target=\"_blank\">Etsy.com<\/a> es la mejor tienda en internet de para comprar cosas hechas a mano.<br \/>\nEsta es la direcci\u00f3n de la tienda online: <a href=\"http:\/\/etsy.com\/shop\/silayaya\" target=\"_blank\">etsy.com\/shop\/silayaya<\/a>. Ah\u00ed encontrar\u00e1s un mont\u00f3n de art\u00edculos hechos a mano sobre todo con ganchillo: bolsos, bufandas, monederos, amigurumi (mu\u00f1ecos de ganchillo)&#8230;<\/p>\n<p>Las compras en Etsy son muy f\u00e1ciles de llevar a cabo y Paypal es una herramienta totalmente segura para comprar en internet. Para comprar en Etsy deber\u00e1s registrarte, no te preocupes, es tambi\u00e9n muy sencillo y seguro.<br \/>\nDebajo de este texto puedes ver una captura de pantalla de nuestra tienda.<\/p>\n<p><!--<img loading=\"lazy\" class=\"alignnone size-full wp-image-30131\" src=\"http:\/\/silayaya.com\/blog\/wp-content\/uploads\/etsy_silayaya_shop.jpg\" alt=\"etsy silayaya shop\" width=\"1022\" height=\"952\" srcset=\"https:\/\/silayaya.com\/blog\/wp-content\/uploads\/etsy_silayaya_shop.jpg 1022w, https:\/\/silayaya.com\/blog\/wp-content\/uploads\/etsy_silayaya_shop-300x279.jpg 300w, https:\/\/silayaya.com\/blog\/wp-content\/uploads\/etsy_silayaya_shop-984x917.jpg 984w\" sizes=\"(max-width: 1022px) 100vw, 1022px\" \/>\n--><\/p>\n<p><script type='text\/javascript' src='https:\/\/www.etsy.com\/assets\/js\/etsy_mini_shop.js'><\/script><script type='text\/javascript'>new Etsy.Mini(5832950,'gallery',3,3,0,'https:\/\/www.etsy.com');<\/script><\/p>\n<p style=\"text-align: center;\"><a class=\"boton\" href=\"http:\/\/etsy.com\/shop\/silayaya\" target=\"_blank\">Quiero comprar en Etsy<\/a><\/p>\n<p>2. Puedes contactar con nosotras directamente a trav\u00e9s de la secci\u00f3n \u00abcontacto\u00bb de este blog, nos pondremos de acuerdo sobre detalles del env\u00edo, modo de pago&#8230; revisamos el correo a diario y contestamos de inmediato. En cualquier caso, para ver la totalidad de nuestros productos y detalles sobre \u00e9stos (medidas, materiales, precios), lo mejor es que visites nuestra tienda en Etsy (mira el punto 1); a\u00fan as\u00ed, si ves en Etsy algo que te apetece, nos lo puedes pedir de esta misma forma, a trav\u00e9s del blog.<\/p>\n<p>Si necesitas preguntarnos sobre otras formas de comprar Silayayas puedes rellenar un formulario con tu pregunta desde la <a title=\"Contacto\" href=\"http:\/\/silayaya.com\/blog\/contacto\/\">p\u00e1gina de contacto<\/a> o enviarnos un e-mail a info@silayaya.com.<\/p>","protected":false},"excerpt":{"rendered":"<p>Si quieres adquirir alguno de nuestros productos, tienes dos opciones: 1. Puedes visitar nuestra tienda en Etsy y pagar a trav\u00e9s de Paypal. Etsy.com es la mejor tienda en internet de para comprar cosas hechas a mano. Esta es la direcci\u00f3n de la tienda online: etsy.com\/shop\/silayaya. Ah\u00ed encontrar\u00e1s un mont\u00f3n de art\u00edculos hechos a mano [&hellip;]<\/p>\n","protected":false},"author":1,"featured_media":0,"parent":0,"menu_order":5,"comment_status":"closed","ping_status":"closed","template":"","meta":[],"_links":{"self":[{"href":"https:\/\/silayaya.com\/blog\/wp-json\/wp\/v2\/pages\/349"}],"collection":[{"href":"https:\/\/silayaya.com\/blog\/wp-json\/wp\/v2\/pages"}],"about":[{"href":"https:\/\/silayaya.com\/blog\/wp-json\/wp\/v2\/types\/page"}],"author":[{"embeddable":true,"href":"https:\/\/silayaya.com\/blog\/wp-json\/wp\/v2\/users\/1"}],"replies":[{"embeddable":true,"href":"https:\/\/silayaya.com\/blog\/wp-json\/wp\/v2\/comments?post=349"}],"version-history":[{"count":41,"href":"https:\/\/silayaya.com\/blog\/wp-json\/wp\/v2\/pages\/349\/revisions"}],"predecessor-version":[{"id":31147,"href":"https:\/\/silayaya.com\/blog\/wp-json\/wp\/v2\/pages\/349\/revisions\/31147"}],"wp:attachment":[{"href":"https:\/\/silayaya.com\/blog\/wp-json\/wp\/v2\/media?parent=349"}],"curies":[{"name":"wp","href":"https:\/\/api.w.org\/{rel}","templated":true}]}}